e -3*t - 10 = g. Let o = t + 7. List the prime factors of o.
2
Suppose 1 - 13 = -4*c. Let r = c - -5. List the prime factors of r.
2
Let g(n) = -9*n - 3. Let j be g(-4). Suppose -4*p - z = -2*z - j, 3*z = -15. What are the prime factors of 33/p - 4/(-14)?
5
Suppose 0 = 55*o - 52*o - 426. What are the prime factors of o?
2, 71
Let m(u) = 2*u + 2. Let t be m(-5). Let d = t + 13. Suppose 20 = -4*s, 0 = 2*n - d*n - 2*s + 8. List the prime factors of n.
2, 3
Let n(c) = 71*c**3 + c**2 + 2*c + 1. Let y be n(-1). Let d = -48 - y. List the prime factors of d.
23
Let h(x) = x**3 - 8*x**2 + 2*x - 7. Let o be h(7). Let v = o + 98. What are the prime factors of v?
2, 7
Suppose -2*j = j. Suppose 2*f + 2*d = 12, 5*f - 32 = -j*f - 3*d. Suppose f*k - 4*k = 27. What are the prime factors of k?
3
Let f = 89 - 44. Let q = -22 + f. What are the prime factors of q?
23
Let o(x) = x**2 + 4*x + 1. Let p be o(-5). Suppose 0 = -p*i + 9*i - 12. What are the prime factors of i?
2
Let o(k) = -2*k + 4. Let j be o(-2). What are the prime factors of j*(-2 - (-45)/12)?
2, 7
List the prime factors of 2/1*(2 + (-140)/(-8)).
3, 13
Suppose 0 = -3*u + 8 + 4. Suppose 0 = -u*k + 5*k - 9. What are the prime factors of k?
3
Let q = 21 + -14. List the prime factors of q.
7
Let l(m) = -24*m - 11. What are the prime factors of l(-5)?
109
Suppose -5 = -4*t + 7. List the prime factors of 19/(1/(6/t)).
2, 19
Suppose -4*d + 6 + 6 = 0. Suppose 0*p - 14 = -2*p. Suppose d*c + 3*k - 39 = k, 2*c - 5*k = p. What are the prime factors of c?
11
Let n be -3 + 2 - 20/(-2). Let w be -3 + (-6)/3 + 4. Let l = n + w. List the prime factors of l.
2
Let p(t) = -7*t + 5. Let m(k) = 4*k - 3. Let u(j) = 5*m(j) + 3*p(j). Let y be u(0). Suppose 7*f - 4*f - 6 = y. List the prime factors of f.
2
Let r = 20 + -13. Suppose -j = -2*j + r. List the prime factors of j.
7
Suppose -14 + 38 = 3*g. What are the prime factors of 202/18 + g/(-36)?
11
Let r = -2 - -5. Suppose -2 = -r*m + 4. What are the prime factors of m?
2
Suppose 203 = 4*x + 5*o + 55, 0 = -2*o + 8. List the prime factors of x.
2
Let w = 4 - -36. Let v be w*1*(-4)/8. Let z = 35 + v. What are the prime factors of z?
3, 5
Let m(c) = 12*c + 8. List the prime factors of m(25).
2, 7, 11
Let s = 3 - -1. Suppose -m + s*m - 30 = 0. What are the prime factors of m?
2, 5
Let d(s) = -s + 2. Let k be d(0). Suppose -k = -i - 3*p + 4, 0 = -p. Let m = 23 - i. List the prime factors of m.
17
Let o be 0/(8/(-4) + 1). Let j(g) = -g + 6. What are the prime factors of j(o)?
2, 3
Let d(c) = -c - 8 + 2*c**2 - c - 3*c**2 - 8*c. List the prime factors of d(-6).
2
Let t(v) = -64*v + 8. Let k(n) = -7*n + 1. Let x(w) = -28*k(w) + 3*t(w). Suppose 0 = -22*m + 23*m - 4. What are the prime factors of x(m)?
2, 3
Let s = -28 + 10. Let v = s + 30. What are the prime factors of v?
2, 3
Suppose -4*r + u + 153 = 0, -2*r = 2*r + 4*u - 168. List the prime factors of r.
3, 13
Let w(i) = 9*i**2. Let k = -6 + 5. List the prime factors of w(k).
3
Suppose m - 195 = -5*c, 1 - 11 = 2*m. List the prime factors of c.
2, 5
Suppose -4*x + 47 = -57. List the prime factors of x.
2, 13
Let x(y) be the third derivative of y**5/60 - 7*y**4/24 + y**3 + 2*y**2. Let d be x(11). Suppose -5*z + 0*z = -d. What are the prime factors of z?
2, 5
Suppose 5*o = 2*w + 786, 0*o - 2*w = o - 162. List the prime factors of o.
2, 79
Let z be ((-68)/12)/((-3)/9). List the prime factors of z - (3 + (-1 - 4)).
19
Let p = -3 - -12. Suppose 2*i - 39 = -p. Suppose -m + i + 5 = 0. List the prime factors of m.
2, 5
Let j(k) = 2*k**2 - 4*k + 17. What are the prime factors of j(-5)?
3, 29
Suppose -2*d - 57 = -2*m - d, m - 3*d = 36. What are the prime factors of m?
3
Let v(h) = -2*h**2 - 2*h. Let r be v(-2). Let a(f) = -f**3 - 3*f**2 + 4*f + 4. Let k be a(r). Suppose 0 = d - k - 5. List the prime factors of d.
3
Let t be ((-3)/(-2))/(1/4). Let w(f) = -f - 5. Let x be w(-6). What are the prime factors of 22*x/t*3?
11
Suppose -o = k - 4, 4*o + 5*k - 8 = 7. Suppose 2*u + 5*h = -3*u - 10, -5*u - 4*h - o = 0. List the prime factors of u.
3
Let o be 2 - (-2)/(-4)*2. Suppose -3*d = -4*d + 2. Let m = d + o. List the prime factors of m.
3
Let y(q) = 3*q**3 - 2*q**2 + 2*q - 1. Let n be y(1). Suppose -g = -4*h - 10, -n*g + 2 = -0*h + h. List the prime factors of g.
2
Let n(s) = -s**2 - s + 2. Let v be n(-3). Let k = v - -4. Suppose 0 = -2*r + 5*i + 14, k*r + 21 = 3*r + 3*i. What are the prime factors of r?
7
Suppose -4*i = -5*j - 3, 4*i + 18 = -3*j + i. What are the prime factors of 2 + -3 - j*5?
2, 7
Let h(l) = -2*l**2 - 3*l + 3. Let j be h(-3). Let u = -12 - j. What are the prime factors of 5/15 + (-46)/u?
2
Let o(s) = 68*s**2 + s + 2. Let l be o(-1). Suppose t + l = 4*t. What are the prime factors of t?
23
Let d(z) = 2*z**2 + 4*z - 1. Let i be d(-3). Suppose 5*n = -i, -4*b + 2*n + 9 = n. Suppose 0 = b*s + s - 42. What are the prime factors of s?
2, 7
Let u(d) = d**2 + 21*d + 14. What are the prime factors of u(-27)?
2, 11
Let s be 1*1*(2 - 40). Let g = s + 69. What are the prime factors of g?
31
Let a(r) = -r**2 - 11*r - 10. Let v = 16 + -23. What are the prime factors of a(v)?
2, 3
Let u be (-85)/(-20) + 3/4. Suppose -u*y + 30 = -145. What are the prime factors of y?
5, 7
Let o(t) = -t**3 - 2*t**2 - t. Let f be o(-2). Let i be ((-9)/f)/((-2)/8). Suppose -d - 2*d = -i. What are the prime factors of d?
2, 3
Let a = 306 + -152. List the prime factors of a.
2, 7, 11
Suppose -4 = -2*i + 2. Suppose -1 = -j - 3*r, -4*j + 8*r + 55 = i*r. List the prime factors of j.
2, 5
Suppose -q - 3*q = -3*x - 40, 3*x = 0. Let u = q + -6. List the prime factors of u.
2
Let k(j) = 9*j - 11. Let s(b) = 4*b - 5. Let x(w) = 6*k(w) - 13*s(w). Let g be (-27)/(-4) + (-2)/(-8). What are the prime factors of x(g)?
13
Let m(x) = 2*x**2 - x - 3. What are the prime factors of m(-5)?
2, 13
Suppose 2*g + 2 = -0. Let b(k) = k**3 + 1. Let m be b(g). What are the prime factors of m*(-2 - -1) - -7?
7
Suppose -3*v + 35 = -88. List the prime factors of v.
41
Suppose -4*a - 5*y + 62 = 0, 0*a - 4*a = -3*y - 78. What are the prime factors of a?
2, 3
Let n = 55 + -38. Suppose -2*f - i + n = 0, -5*i = -f - 17 + 53. What are the prime factors of f?
11
Suppose 3*k + 4 = a - 5, -4*a + 5*k = -22. Let x be 13/1*a/1. Suppose 0 = -2*b - 11 + x. List the prime factors of b.
2, 7
Let w = -1 + 1. Let g be (1 - 2)*w + 2. List the prime factors of (g/2 - 4)*-2.
2, 3
Let u(l) = 44*l**2 - l + 2. List the prime factors of u(1).
3, 5
Let s(g) = -g**2 - g - 1. Let u be s(0). Let v = 1 - u. List the prime factors of v.
2
Suppose -3 = -a - 1. Let t(y) be the second derivative of y**3/6 + y**2 - y. List the prime factors of t(a).
2
Let t(u) = 15*u + 2 - 14 - 5*u + 8. What are the prime factors of t(4)?
2, 3
Let x(i) = i**3 + 6*i**2 + 4*i + 3. Let g be x(-5). Suppose g + 12 = 2*c. What are the prime factors of 164/c + (-6)/15?
2
Let m(h) = 3*h + 0*h**3 + 7 + 0*h - h**3 + 3*h - 4*h**2. List the prime factors of m(-5).
2
Let v be (-50)/(-20) - (-2)/4. Suppose -59 - 16 = -v*q. List the prime factors of q.
5
Suppose 4*a - 4*l + 10 = l, -a = 3*l - 6. Let h = a + -1. List the prime factors of -1 - (h*12 - -2).
3
Let o be 2/4 - 18/4. Let h = 14 - o. List the prime factors of h.
2, 3
Let w = -64 + 88. List the prime factors of w.
2, 3
Let l = -11 - -263. List the prime factors of l.
2, 3, 7
Let j(b) = -b**3 + 6*b**2 + 10*b - 7. What are the prime factors of j(6)?
53
Let u(y) = -4 - 3*y + 5 + 2*y. Suppose 0 = -0*p + 5*p + 15. List the prime factors of u(p).
2
Suppose 4*s - 15 - 201 = 0. What are the prime factors of s?
2, 3
Suppose 5*g - c - 239 = 0, 0 = -4*g + c + c + 190. Suppose g = 5*w - 2*w. What are the prime factors of w?
2
Let h be (-545)/(-10) - 3/6. Suppose 2*j + h = 5*k, -5*k - 4*j = -43 - 29. List the prime factors of k.
2, 3
Let r = 119 + 16. Suppose 4*q - r = -q. List the prime factors of q.
3
Suppose 2*h = 0, 4*b - 3*h = -h. Suppose -2*o = -4*f + 120, -4*o - 1 - 7 = b. What are the prime factors of f?
29
Let z = 170 - 101. What are the prime factors of z?
3, 23
Let q(z) = z**3 + 2*z**2 - 3*z + 5. What are the prime factors of q(3)?
41
Suppose 0 = -4*f - f + 1645. Suppose i = -6*i + f. List the prime factors of i.
47
Suppose x + x = 26. Suppose -5*d + 0*h + x = -h, -d = -2*h - 8. What are the prime fact